et l(j) = -5*j**3 + 2*j**2. What is the remainder when 23 is divided by l(-1)?
2
Suppose 1 = -2*c + 71. Calculate the remainder when c is divided by 18.
17
Suppose -2*a + 3*r = -68, 3*r + 19 = a - 15. What is the remainder when a is divided by 19?
15
Suppose -2*v + 3*v = 18. What is the remainder when 70 is divided by v?
16
Let m = 7 - 2. Suppose 0 = -m*j + 2*j + 78. What is the remainder when j is divided by 7?
5
Let d = -40 + 67. Calculate the remainder when (-1)/2 - 3834/(-36) is divided by d.
25
Suppose 0 + 30 = 5*o. Let d = o - -37. Let c = -16 + 31. What is the remainder when d is divided by c?
13
Suppose -12 = -2*y + 18. Let m = 22 - -6. Calculate the remainder when m is divided by y.
13
Let p = 4 - 1. Suppose p*x + x = -56. Let g = 30 + x. Calculate the remainder when 30 is divided by g.
14
Let y(v) = v**3 + 14*v**2 - 33*v - 6. What is the remainder when 35 is divided by y(-16)?
5
Suppose 4*j - 5*j = -17. Let r = -8 + 15. Let l = r + -1. Calculate the remainder when j is divided by l.
5
Let m be ((-6)/10)/((-2)/10). Suppose 4*d - 2 = 6. Suppose -m*f + 75 = d*f. Calculate the remainder when 44 is divided by f.
14
Suppose 4*l - 5*u = 78, -l + 59 = 2*l - 4*u. Calculate the remainder when l is divided by 4.
1
Let s(m) = 2*m**2 + 3*m + 3. Let i be s(-2). Let w = i + 5. Calculate the remainder when w is divided by 4.
2
Let i(v) = v - 7. Let s be i(7). Suppose s = w + 1 - 18. What is the remainder when 47 is divided by w?
13
Suppose -m = 9*m - 730. Calculate the remainder when m is divided by 38.
35
Let t(k) = -k + 45. Calculate the remainder when t(16) is divided by 0 + 4 + (2 - 0).
5
Let q(j) = 3 + 2*j + 2*j - 3*j. Calculate the remainder when q(6) is divided by 3.
0
Let b be ((-3)/2)/((-9)/6). Let v be 3*(-1)/(b + -2). Suppose 5*z - 95 = -i - v*i, -i = 0. What is the remainder when z is divided by 5?
4
Suppose 6*b - 2*b - 156 = -3*t, 64 = 2*b + 5*t. Calculate the remainder when 163 is divided by b.
37
Let c = 19 + -3. Calculate the remainder when 44 is divided by c.
12
Let t(s) = -s**3 + 6*s**2 - 5*s + 6. What is the remainder when 104 is divided by t(4)?
14
What is the remainder when (1 - -7) + 0/3 is divided by 7?
1
Suppose -6 = -c + 12. Suppose 6*x = x. Suppose x = -2*t - 2*t + 136. What is the remainder when t is divided by c?
16
Let u(b) = -3 + 14*b + 3 + 1. Calculate the remainder when 28 is divided by u(1).
13
Let j = -22 - -9. Calculate the remainder when 49 is divided by -1 - (j + (-3)/3).
10
Suppose -61*s - 474 = -67*s. What is the remainder when s is divided by 41?
38
Calculate the remainder when -5*(25 - -3)/(-2) is divided by 9.
7
Let j(g) = 17*g**2 - 5*g + 2. Calculate the remainder when 124 is divided by j(1).
12
Suppose 2 = -5*t - 3. Let b(w) = -1. Let h(c) = 15*c - 1. Let j(z) = t*h(z) + 2*b(z). Calculate the remainder when 26 is divided by j(-1).
12
Suppose 3*b - 188 = 100. What is the remainder when b is divided by 25?
21
Suppose 0 = 5*d + n + 5, -4*d - 4*n = d + 20. Suppose 2*f - 3*g - 27 = d, 22 = -f + 3*f - 2*g. Calculate the remainder when 46 is divided by (-4)/f - (-38)/3.
10
Let d be (-2)/(-5) + 124/(-10). Suppose -4*f = -y - 3*y - 48, -y = 1. Calculate the remainder when (42/(-8))/(3/d) is divided by f.
10
Let h(v) = -v**2 - 5*v. Suppose 4*r = f - 7, 0 = 3*r - 2*f - f - 6. Calculate the remainder when h(r) is divided by 2.
0
Let y = 51 - 26. Suppose -t + y = -0. What is the remainder when t is divided by 7?
4
Suppose -3*l - 26 = -4*o, 2*l = 2*o - 11 - 3. Suppose -y = 5*j - 98, -o*j - 4 + 96 = -y. Calculate the remainder when j is divided by 5.
4
Let o(h) = 4*h + 48. Calculate the remainder when o(-7) is divided by 5.
0
Let m(f) = -4*f - 18. Let a(j) = 5*j - 2. Let h be a(-2). What is the remainder when m(h) is divided by 11?
8
Suppose 3*p + 4*b = -205, 2*p + 5*b + 138 = b. Let l = p - -101. What is the remainder when l is divided by 12?
10
Suppose -3*k + v + 17 = -4*v, -3*k - 3*v + 33 = 0. Calculate the remainder when 87 is divided by k.
6
Let d(u) = u**2 + 12*u - 2. What is the remainder when 29 is divided by d(-13)?
7
Calculate the remainder when 59 is divided by (-3)/2*64/(-3).
27
Suppose 2*j - 293 = -3*a, -a + 2*j + 81 = 6*j. What is the remainder when a is divided by 26?
23
Let n = 12 - 27. Let y = n + 34. Calculate the remainder when y is divided by 11.
8
Suppose 4*w + 4 = 12. What is the remainder when 2 is divided by w?
0
Let p(o) = -o**2 + 9*o - 7. Calculate the remainder when 12 is divided by p(7).
5
Suppose 0 = -4*j - 3 - 9. What is the remainder when j*((-48)/9)/2 is divided by 3?
2
Let y = 44 + -23. Suppose 0 = -r - 4, 3*r - r = -i + 54. What is the remainder when i is divided by y?
20
Let g(h) = 0*h + h - 6*h + 3*h - 1. What is the remainder when g(-4) is divided by 4?
3
Calculate the remainder when (-2)/5 + (-87)/(-5) is divided by 9.
8
Let s(j) = 3*j**2 + 5*j + 6. Calculate the remainder when 21 is divided by s(-2).
5
Let t = 1 - 2. Calculate the remainder when 50 is divided by ((-26)/(-6))/(t/(-3)).
11
Suppose 5*a - a - 16 = 0. Suppose -3*h + 0*g = 4*g - 155, 2*h = a*g + 70. What is the remainder when h is divided by 12?
9
Let b(k) = -6*k - 4. Suppose 15 = -2*y - 3*y - 5*l, -2*l = -3*y - 24. Calculate the remainder when b(y) is divided by (-4)/(-18) - (-151)/9.
15
Let y(b) = -b**2 + 7*b - 2. Let r be y(7). Let k(p) = 4*p**2 + p. Calculate the remainder when 55 is divided by k(r).
13
Let o be (35/(-10))/((-2)/(-4)). What is the remainder when (-260)/(-28) - (-2)/o is divided by 2?
1
Suppose 3*v = 2*t + 16 + 56, v - 3*t - 24 = 0. Let u = v + -13. Suppose -f + 12 = f. Calculate the remainder when u is divided by f.
5
Let o(t) = -2*t + 8. Let l be o(6). Let a(r) = 3*r**2 + 2*r. Let h be a(l). Let j = 64 - h. What is the remainder when j is divided by 9?
6
Let d(j) = -j - 10. Let y be d(8). What is the remainder when (-214)/(-6) + 12/y is divided by 9?
8
Suppose 3*g + 610 = 5*q, -4*q + 2*q = -3*g - 244. Calculate the remainder when q is divided by 25.
22
Suppose -5*h - 2*q - 2*q + 355 = 0, -4*q + 20 = 0. Suppose 0*p + h = p. What is the remainder when p is divided by 17?
16
Suppose 5*f - 42 = 53. Calculate the remainder when 56 is divided by f.
18
Suppose -g + 55 = -10. What is the remainder when g is divided by 17 - (1 + 1 + -2)?
14
Let q = 109 - 64. Calculate the remainder when q is divided by (-2)/9 + 110/9.
9
Let u(z) = z**2 - 10*z - 9. Let a be u(11). What is the remainder when 14 is divided by 4/(9/(-6) + a)?
6
Suppose -q - 3*q = 0. Let w(a) = a**2 + a + 5. Let k be w(q). Suppose 3*b = -9*s + 4*s + 26, -5*b + 110 = -k*s. Calculate the remainder when b is divided by 9.
8
Let t = 41 - 29. Let y = t + -4. Calculate the remainder when 14 is divided by y.
6
Suppose 0*z - 2*o - 16 = -3*z, 0 = -2*o + 2. Let f(n) = n**2 - 8*n + 9. Let b be f(6). Calculate the remainder when 18 is divided by z/b + 13 - 1.
8
Suppose -8 + 20 = 3*u. Let a = 32 + -27. What is the remainder when a is divided by u?
1
Let t(s) = -s**2 + 5*s + 1. Let m(f) = f**3 - 7*f**2 + 8*f - 8. Let v be m(6). What is the remainder when 14 is divided by t(v)?
4
Let w be -136 - 3/(6/4). What is the remainder when (-2 + 1)/(6/w) is divided by 12?
11
Let j(r) = r**2 - 2. Let s be j(3). Let q(l) = 2*l - 6. What is the remainder when (8/(-12))/((-4)/138) is divided by q(s)?
7
Let m(l) = 2*l - 6. What is the remainder when -3*1*(-14)/6 is divided by m(5)?
3
Let g = 22 + 5. Let x(z) = -z**3 - 7*z**2 - 7*z - 6. Let r be x(-6). Let s(t) = -t + 10. Calculate the remainder when g is divided by s(r).
7
Suppose 3*q = q. Suppose -3*d - 3*h = -30, q = -d + 2*d + 3*h - 20. What is the remainder when d is divided by 2?
1
Suppose -2*h - 12 = 6. Suppose 20 = -3*x + 7*x. What is the remainder when x is divided by (-1)/1 + h/(-3)?
1
Calculate the remainder when 29 is divided by 224/20 + (-3)/15.
7
Suppose 0 = -0*u - 3*u - 18. Let v(h) = 7*h**2 - 1 - 3*h**3 - 4*h - 3 - 3 + 4*h**3. What is the remainder when v(u) is divided by 18?
17
Let m(s) = -3*s - 8. Let h(d) = d**2 + 8*d + 4. Let b be h(-6). What is the remainder when 31 is divided by m(b)?
15
Let s = 3 + 1. Suppose -5*l - t + 45 = -4*t, 4*l - 68 = -s*t. Calculate the remainder when 49 is divided by (-6)/l + 27/2.
10
Let z be (-3)/(-2) - (-2)/(-4). Let l be ((-1)/z)/((-2)/(-4)). What is the remainder when 